the tens digit of m?
6
What is the tens digit of 134/((-4)/(-14)*(-12 - -19))?
6
Let x be (3/9)/((-2)/(-36)). Let f(r) = 4*r**2 - 9*r + 5. What is the units digit of f(x)?
5
Let o(p) = -p + 1. Let d be o(-4). Suppose -346 = d*y - f + 4*f, -2*y - 3*f = 142. Let v = y - -97. What is the tens digit of v?
2
Suppose -17*r + 21*r + 8 = 0, x - 1676 = 2*r. What is the units digit of x?
2
Suppose -8*o - 17*o + 54500 = 0. What is the hundreds digit of o?
1
Let l = 7 + -9. Let z be 65 - (l - 2/(-1)). Suppose -5*k = -50 - z. What is the tens digit of k?
2
Let k = 724 + -262. Suppose 790 = 5*l + 5*g, 4*l - l - g - k = 0. What is the units digit of l?
5
Let b(p) be the third derivative of -p**6/120 + p**5/10 + 5*p**4/12 - 7*p**3/6 + p**2. Let y be 1275/204 - 2/8. What is the units digit of b(y)?
3
Suppose 45 = 5*d - 3*z + 206, 4*z = 2*d + 70. Let o = d - -45. What is the tens digit of o?
1
Let z(p) = 2*p**3 - p**2 - 2*p - 3. Let l be z(2). Let i = 4 + l. What is the units digit of i?
9
What is the hundreds digit of ((-1798)/(-4))/((-4)/(-80)*10)?
8
Let l(q) = 10 + q - 4*q - 11. What is the tens digit of l(-6)?
1
Let h = -15 - -17. Suppose -2*p = p - 567. Suppose -h*l + p = 47. What is the units digit of l?
1
Suppose -6 + 14 = a. Suppose 0 = -a*n + 4*n + 548. What is the hundreds digit of n?
1
Let g be (234/(-45))/((-2)/5). Let a = -15 - -7. Let m = g + a. What is the units digit of m?
5
Let z(m) = 121*m + 195. What is the hundreds digit of z(9)?
2
Let c(w) = -w**3 - w - 3. Let u be c(-3). Suppose 5*n - 92 = -u. Suppose -25 - n = -2*t. What is the tens digit of t?
1
Let k = 933 + -739. What is the units digit of k?
4
Suppose 3*v + 6 = 3*i, 4*i + 3 - 26 = -v. Suppose i*h - 26 = t, 0 = -5*h + h - 4*t + 40. Suppose 0 = 5*n - 8*n + h. What is the units digit of n?
2
Suppose -388 = 3*i - 4*i - 2*n, 0 = 4*n - 4. Suppose -4*j = 2*g - i, 5*g + 22 = j - 91. What is the units digit of j?
8
Suppose -z + 72 = -2*r - 2*r, 2*r = 2*z - 162. Suppose -6*p + 125 = -p + t, 0 = 4*p + 4*t - z. What is the tens digit of p?
2
Let a(y) = -y + y - y**2 + 3 + 0*y. Let b(n) = n + 1. Let k(j) = a(j) - 6*b(j). What is the units digit of k(-5)?
2
Suppose -5*o = -6 - 4. Suppose 1 = -o*w + 5. Suppose w*u + 0*u - 46 = 0. What is the tens digit of u?
2
Let o(b) = 4*b - 20. Let k be o(-10). Let d = 9 - k. What is the tens digit of d?
6
Let p(t) = 37*t**2 - t - 6. What is the hundreds digit of p(-2)?
1
Suppose -w = -2*c - 664 - 46, c = 1. What is the hundreds digit of w?
7
Let b = 330 - 189. Let j = b - -86. What is the tens digit of j?
2
Let t(i) = 4*i + 45. Let h be t(-17). Let j(f) = -6*f - 4. What is the hundreds digit of j(h)?
1
Suppose -39*i + 40*i - 61 = 0. Suppose 0 = -i*q + 66*q - 5. What is the units digit of q?
1
What is the units digit of (161/(-21) + 8)/(1/15486)?
2
Suppose -10*u + 2791 = -37669. What is the thousands digit of u?
4
Suppose -q + 3*m = -21, -2*q + 0*m = -m - 57. Let t = 4 + q. Suppose -t = 4*b - 6*b. What is the tens digit of b?
1
Suppose 2*p - 12 = -6. Let z(o) = 39*o + 1. What is the tens digit of z(p)?
1
Let i be 1/(1*-1)*(-190)/95. Suppose 0*w + 103 = w. Suppose -i*j = 19 - w. What is the units digit of j?
2
Let q(v) = 4*v**2 - 4*v - 2. What is the hundreds digit of q(6)?
1
Suppose -4*b - 3*t = -0*t - 5689, -2*b + 5*t + 2877 = 0. What is the thousands digit of b?
1
Suppose 35*i = -47*i + 72406. What is the units digit of i?
3
Suppose -6*y = -y - 570. Suppose 0*k + y = 3*p - 2*k, -3*p - k + 114 = 0. What is the units digit of p?
8
Suppose -6*i = 35*i - 33907. What is the units digit of i?
7
Suppose 3*v = 15, -7*q + 2 = -3*q - 2*v. Suppose 71 = d + 2*s, 0*s + 4*s = -q*d + 207. What is the units digit of d?
5
Let u(v) be the first derivative of 47*v**4/2 - 2*v**3/3 + v**2/2 - 5. Let a be u(1). Suppose 0 = 5*b - b - 5*z - a, -3*b = z - 84. What is the tens digit of b?
2
Suppose 0 = -4*p + 3*t + 13434, -21*p + 18*p + 10079 = -4*t. What is the units digit of p?
7
Let o(b) = -b**3 - 54*b**2 + 57*b + 114. What is the units digit of o(-55)?
4
Suppose -121*d = -113*d - 5920. What is the hundreds digit of d?
7
Let c be (-23)/(-4) + 2/8. Let k be ((-6)/c)/(2/(-26)). Suppose -3*r + r + 125 = 5*t, -t = -2*r - k. What is the units digit of t?
3
Suppose 4*z - 82 = -5*q + 31, 0 = -5*z - 2*q + 154. What is the tens digit of z?
3
Suppose -4*d - 52*d = -110656. What is the hundreds digit of d?
9
Suppose -5*g = -g - 8. Suppose -g*o - 4*t = -184, -o + 75 = -4*t - 47. What is the units digit of o?
2
Suppose 0 = 4*g - 20, 0 = 5*h + 7*g - 3*g + 70. Let c = -12 - h. What is the units digit of c?
6
What is the tens digit of (45/(-90))/(1/(-3796))?
9
Let v(u) = -u**3 + 7*u**2 + 2*u - 7. Let x be v(7). Let d(w) = -w + 9. Let b be d(x). What is the units digit of ((-8)/(-24))/(b/42)?
7
Let x be 14/4*(-6)/(-3). Let r(t) be the first derivative of t**2 - 4*t - 1. What is the tens digit of r(x)?
1
Let z be ((-82)/13)/(-2) - 6/39. Let p(q) = 73*q + 7. What is the units digit of p(z)?
6
Let g(l) = -2*l**2 - 20*l - 26. Let y(c) = -c**2 - 13*c + 7. Let d be y(-14). What is the units digit of g(d)?
6
Let f = 412 + -168. What is the hundreds digit of f?
2
Let o(y) = -29*y - 27. What is the tens digit of o(-11)?
9
Let l(a) = -131*a**3 + a**2 - 2*a + 2. What is the tens digit of l(-3)?
5
Let q(s) = -s**2 - 3*s + 5. Let u be q(-4). Let d be u/(3 + 32/(-12)). What is the units digit of 3*(-2)/d + 16?
4
Suppose -g - g = -10. Suppose 17 = -2*s - 3*y, 10*s + 15 = g*s - 2*y. What is the units digit of (2 + s)*9/9?
1
Suppose 0 = 119*n - 131*n + 13788. What is the tens digit of n?
4
Let v(g) be the second derivative of 7*g + 7/6*g**3 + 0 + 1/2*g**2. What is the units digit of v(1)?
8
Let j be (2*(2 - 3))/(-2) - 1. Suppose 2*t + 1 - 219 = j. What is the hundreds digit of t?
1
Suppose -8213 - 14992 = -17*z. What is the thousands digit of z?
1
Let u = 50 - 56. Let n(r) = r**2 - 5*r + 5. What is the units digit of n(u)?
1
Suppose 5*o + 0*o - 25 = 0, 0 = -r + 5*o + 11. What is the hundreds digit of 3752/r + (-1)/(18/4)?
1
Suppose -378*p + 374*p + 2812 = 0. What is the tens digit of p?
0
Suppose -4*b - 2*o = -6050, -6*o = 2*b - 7*o - 3027. What is the thousands digit of b?
1
Let z = 65 - 56. Suppose -z*b + 346 + 239 = 0. What is the units digit of b?
5
Let t(q) = -16*q**3 - 3*q**2 - 7*q**2 + 9*q**2. Suppose -3*y - 13 = -5*d, y - 3*d + 3 = 4*y. What is the units digit of t(y)?
5
Let b be (-3 + 32/(-12))/((-2)/258). Suppose 5*s - 776 = -4*n + s, -5*s = -4*n + b. What is the hundreds digit of n?
1
Let i(m) = -127*m**2 + 8*m - 10. Let f be i(-5). What is the hundreds digit of 1/(3/f*-5)?
2
Suppose 8*d = 7*d. Suppose -c = -d*c. Suppose c = 4*q - 80 - 40. What is the units digit of q?
0
Suppose 3*v - 2*v + 34 = -k, 2*v = 0. Let d = k - -36. Suppose -d*r = -67 - 49. What is the units digit of r?
8
Let w(n) = -3*n + 18. Let c be w(9). Let m(f) = f**2 + 9*f + 5. Let l be m(c). Suppose -3*g + 15 = b, 0*b + 155 = l*b - 5*g. What is the tens digit of b?
2
Suppose -695 = 16*g - 4359. What is the tens digit of g?
2
Suppose 205 - 67 = -3*v. Let i be (-6)/15 - v/(-10). What is the tens digit of 1/i - 168/(-15)?
1
Let l = -1206 + 1494. What is the tens digit of l?
8
What is the tens digit of -55*(-12)/60 - -722?
3
Suppose 305*d - 303*d = 3246. What is the thousands digit of d?
1
Suppose 4*k + 9*f = 11*f + 304, -2*k = -5*f - 160. What is the units digit of k?
5
Let n(v) = -2*v**2 - v + 6. Let a(p) = p**3 - 9*p**2 - p + 6. Let f be a(9). Let c be n(f). What is the tens digit of 374/7 + c/21?
5
Let r = 3 - -12. Suppose -3*s + 2 = 4*b - r, 0 = 5*b - s - 7. What is the tens digit of (6/7)/(b/42)?
1
Let l(g) = g**3 + 13*g**2 - g - 18. Let a be l(-13). Let y be 13/5 + (-2)/a. Suppose -r - y*r + 3*h = -16, r - 4*h = -9. What is the units digit of r?
7
Let u = 77 - 78. What is the units digit of u - (4 + 445/(-5))?
4
Let z(y) = y**2 + 4*y + 1. Let c be z(-5). Let x be 8/6 + (-2)/c. What is the units digit of x/(-3*2/(-12))?
2
Suppose 194 = i - 2*i. Let a = i - -324. Suppose 3*f + s + 47 - a = 0, 5*s = 2*f - 78. What is the units digit of f?
9
What is the hundreds digit of (-102 - 12/(-3))*(3 - 6)?
2
Let x(q) = q + 8. Let v be x(0). Suppose v*d - 2*d - 24 = 0. Suppose 0*a = 5*j + 2*a - 91, j - 29 = -d*a. What is the units digit of j?
7
S